True
Does 75 divide 238796610?
False
Is 9 a factor of 1253066937?
False
Is 151 a factor of 4134128?
False
Is 3709397 a multiple of 1761?
False
Is 22639514 a multiple of 296?
False
Is 51300661 a multiple of 652?
False
Is 926106033 a multiple of 5569?
False
Does 81 divide 2862972421?
False
Does 4035 divide 57571380?
True
Is 17 a factor of 152474715?
False
Is 1280 a factor of 29948160?
True
Is 859 a factor of 34198508?
True
Is 612599 a multiple of 166?
False
Does 12 divide 334701643?
False
Is 1495230041 a multiple of 72?
False
Does 35 divide 20292984?
False
Is 2538098304 a multiple of 672?
True
Is 40 a factor of 153216862?
False
Is 52131076 a multiple of 67?
False
Is 2908 a factor of 313220680?
True
Does 644 divide 27634241?
False
Is 834 a factor of 47658277?
False
Is 1137051005 a multiple of 1099?
False
Does 354 divide 1068187975?
False
Is 718912219 a multiple of 136?
False
Is 5 a factor of 3270187?
False
Is 360 a factor of 254826720?
True
Is 191 a factor of 98959795?
False
Is 8 a factor of 1971224?
True
Does 462 divide 43396584?
True
Is 21 a factor of 9078179?
False
Is 808540795 a multiple of 674?
False
Does 15 divide 24174390?
True
Does 2267 divide 484702736?
True
Is 74 a factor of 621112784?
True
Is 77553072 a multiple of 144?
True
Does 1352 divide 116596480?
True
Does 13 divide 24030682?
True
Is 392348532 a multiple of 603?
False
Is 23 a factor of 487656465?
True
Does 2 divide 388404?
True
Is 52252270 a multiple of 38?
False
Is 9 a factor of 974035900?
False
Does 117 divide 1401131741?
False
Is 141005179 a multiple of 127?
True
Does 6393 divide 33954661?
False
Is 150262910 a multiple of 1541?
True
Is 14150580 a multiple of 724?
True
Is 862761920 a multiple of 160?
True
Is 286 a factor of 284440728?
True
Does 47 divide 279035522?
True
Is 6639710 a multiple of 154?
True
Is 210809456 a multiple of 44?
True
Is 48 a factor of 25589280?
True
Does 14 divide 338910799?
False
Is 63 a factor of 84789294?
False
Is 12697696 a multiple of 11?
True
Does 1108 divide 2167319189?
False
Is 5303 a factor of 1676222966?
False
Does 482 divide 8434454?
False
Is 149 a factor of 2575766427?
True
Is 6744456 even?
True
Is 3320 a factor of 885803402?
False
Does 33 divide 30492531?
False
Is 111847599 even?
False
Does 22 divide 74902542?
True
Is 6 a factor of 25371047?
False
Is 280617877 a multiple of 519?
False
Does 129 divide 30921421?
False
Does 260 divide 731726840?
True
Is 23 a factor of 973375226?
True
Is 13796822 a multiple of 45?
False
Does 2356 divide 53138517?
False
Is 36553086 a multiple of 55?
False
Is 189 a factor of 3004514248?
False
Is 620269840 a multiple of 6?
False
Does 1023 divide 904405409?
False
Is 104720103 a multiple of 3721?
True
Is 14267932 a multiple of 5?
False
Is 351016779 a multiple of 16?
False
Does 2431 divide 187391204?
True
Is 1584838432 a multiple of 436?
False
Is 190114668 a multiple of 54?
True
Is 31615045 a multiple of 12?
False
Is 246086802 a multiple of 78?
True
Is 326497032 a multiple of 177?
True
Is 512185760 a multiple of 40?
True
Does 1091 divide 1840719?
False
Is 2327560368 a multiple of 83?
True
Is 1213031972 a multiple of 19?
True
Does 135 divide 9505731?
False
Is 7209705941 a multiple of 83?
True
Is 62070645 a multiple of 91?
True
Is 18 a factor of 157987337?
False
Is 687359147 a multiple of 937?
False
Is 77632488 a multiple of 2251?
True
Is 6487 a factor of 2179366033?
True
Is 229 a factor of 132453289?
False
Does 36 divide 7186500?
True
Is 1142910 a multiple of 34?
True
Is 35207623 a multiple of 623?
False
Is 192016167 a multiple of 9?
False
Is 13 a factor of 45301334?
True
Does 43 divide 297671929?
True
Is 15 a factor of 26494541?
False
Is 11 a factor of 1911736244?
True
Is 1523654 a multiple of 22?
True
Is 9084816 a multiple of 144?
True
Is 30 a factor of 62118180?
True
Is 108246340 a multiple of 1606?
False
Is 5521028 a multiple of 2?
True
Is 126 a factor of 4940460?
True
Does 66 divide 343986057?
False
Does 6 divide 157256256?
True
Is 471261914 a multiple of 16?
False
Is 2520 a factor of 516433680?
True
Is 4488367 a multiple of 11?
False
Is 12902257 a multiple of 3?
False
Is 30121854 a multiple of 19?
False
Is 248335292 a multiple of 275?
False
Is 1142620085 a multiple of 1834?
False
Is 411614183 a multiple of 196?
False
Is 5 a factor of 36014191?
False
Is 1628431992 a multiple of 11?
True
Is 34368379 a multiple of 105?
False
Is 1316 a factor of 734291398?
False
Does 1164 divide 5291544?
True
Does 12 divide 107935596?
True
Does 439 divide 24197680?
True
Does 4 divide 4275893?
False
Is 10476258 a multiple of 114?
True
Is 57 a factor of 36815244?
False
Is 169 a factor of 8594326?
True
Is 2519143720 a multiple of 268?
True
Is 142997321 a multiple of 57?
False
Does 330 divide 78194217?
False
Is 2328745 a multiple of 7?
False
Is 112100677 a multiple of 2?
False
Does 11 divide 154635710?
False
Is 24 a factor of 622098587?
False
Is 7 a factor of 53484186?
True
Is 30394041 a multiple of 807?
True
Is 2177 a factor of 37659279?
False
Does 594 divide 266530150?
False
Is 370272110 a multiple of 166?
False
Is 4062 a factor of 539480924?
False
Is 902 a factor of 392047084?
True
Is 626741511 a multiple of 11?
True
Is 113 a factor of 1027288424?
True
Does 9 divide 1208697706?
False
Is 12741959 even?
False
Is 25582421 a multiple of 11?
False
Is 9 a factor of 27571711?
False
Does 89 divide 60712952?
True
Does 338 divide 12250348?
False
Does 782 divide 55755036?
True
Is 415 a factor of 1819999100?
True
Does 11 divide 13606093?
False
Is 1113 a factor of 107314281?
False
Is 55086369 a multiple of 690?
False
Is 1556281265 a multiple of 55?
True
Is 18 a factor of 184402342?
False
Is 18 a factor of 798006834?
True
Does 116 divide 441522448?
True
Does 846 divide 323612766?
True
Is 18141529 a multiple of 107?
True
Does 984 divide 196429475?
False
Is 42160156 a multiple of 777?
False
Is 153 a factor of 4588673?
False
Is 92008082 a multiple of 459?
False
Is 409 a factor of 174905682?
False
Is 89 a factor of 21074913?
False
Is 1129937010 a multiple of 365?
False
Is 13018546 a multiple of 4?
False
Is 584 a factor of 56794000?
True
Is 80105354 a multiple of 3452?
False
Does 16 divide 18049936?
True
Does 388 divide 100291012?
False
Does 3064 divide 188717888?
True
Is 16458420 a multiple of 1210?
True
Does 463 divide 1093599055?
True
Is 2934932171 a multiple of 8742?
False
Is 26430732 a multiple of 54?
True
Is 25 a factor of 249200650?
True
Does 144 divide 39665664?
True
Is 347229658 a multiple of 300?
False
Is 1173 a factor of 35482077?
True
Is 168527446 a multiple of 543?
False
Is 240223438 a multiple of 26?
True
Is 4329587 a multiple of 3?
False
Is 26 a factor of 11706604?
True
Is 10 a factor of 58896652?
False
Is 737143800 a multiple of 100?
True
Is 80567845 a multiple of 17?
True
Is 19 a factor of 494591508?
True
Is 17 a factor of 136173786?
False
Is 14 a factor of 62975458?
True
Does 34 divide 3292050?
True
Is 120460824 a multiple of 792?
True
Is 1178042976 a multiple of 352?
True
Is 8 a factor of 112328032?
True
Is 5233 a factor of 512088319?
False
Is 171880570 a multiple of 4?
False
Is 18 a factor of 44750826?
True
Is 836386004 a multiple of 119?
False
Is 131367023 a multiple of 18?
False
Does 9 divide 20014812?
True
Does 32 divide 167681440?
True
Does 19 divide 76768835?
True
Does 32 divide 146332672?
True
Does 5 divide 1451494?
False
Is 36 a factor of 1568601900?
True
Does 82 divide 28378067?
False
Is 3 a factor of 63478107?
True
Is 2300 a factor of 471228600?
True
Does 104 divide 12056273?
False
Is 31987800 a multiple of 20?
True
Does 165 divide 178862475?
True
Is 11 a factor of 179727724?
True
Does 8308 divide 16867918?
False
Is 39 a factor of 534296217?
True
Is 14 a factor of 2658389174?
True
Is 601172528 a multiple of 1174?
True
Is 2 a factor of 14262053?
False
Does 17 divide 154067961?
False
Does 1991 divide 93882159?
False
Does 297 divide 181057405?
False
Is 118 a factor of 307054762?
True
Does 421 divide 35483095?
False
Is 543502674 a multiple of 286?
True
Is 18 a factor of 953564454?
True
Does 11 divide 68899215?
True
Does 167 divide 462599567?
False
Is 5 a factor of 42675560?
True
Is 324 a factor of 4610196?
True
Does 5 divide 51787292?
False
Is 1928 a factor of 1288324304?
True
Is 18 a factor of 856224?
True
Is 154 a factor o